late the remainder when 268173 is divided by 91.
87
Calculate the remainder when 89914 is divided by 232.
130
Calculate the remainder when 7899 is divided by 11.
1
Calculate the remainder when 321839 is divided by 215.
199
Calculate the remainder when 2111115 is divided by 11.
6
What is the remainder when 23205 is divided by 45?
30
Calculate the remainder when 1010 is divided by 67.
5
What is the remainder when 52171 is divided by 10389?
226
Calculate the remainder when 730937 is divided by 14.
11
Calculate the remainder when 110818 is divided by 2216.
18
What is the remainder when 19876 is divided by 828?
4
What is the remainder when 343 is divided by 79?
27
Calculate the remainder when 495 is divided by 76.
39
What is the remainder when 93638 is divided by 31177?
107
What is the remainder when 33591 is divided by 15?
6
What is the remainder when 16284 is divided by 206?
10
What is the remainder when 107852 is divided by 24?
20
What is the remainder when 7148 is divided by 55?
53
What is the remainder when 226552 is divided by 183?
181
What is the remainder when 27823 is divided by 772?
31
Calculate the remainder when 7455 is divided by 960.
735
Calculate the remainder when 3820 is divided by 345.
25
Calculate the remainder when 31502 is divided by 88.
86
Calculate the remainder when 16210 is divided by 5391.
37
What is the remainder when 7273 is divided by 328?
57
Calculate the remainder when 487953 is divided by 416.
401
What is the remainder when 1391 is divided by 214?
107
What is the remainder when 22192 is divided by 3142?
198
What is the remainder when 77633 is divided by 22?
17
Calculate the remainder when 4233 is divided by 1995.
243
What is the remainder when 760 is divided by 113?
82
What is the remainder when 1550 is divided by 1443?
107
What is the remainder when 22551 is divided by 20?
11
What is the remainder when 169055 is divided by 374?
7
Calculate the remainder when 1644458 is divided by 91.
88
What is the remainder when 148364 is divided by 249?
209
What is the remainder when 7933 is divided by 93?
28
What is the remainder when 14966 is divided by 1660?
26
What is the remainder when 94522 is divided by 23630?
2
Calculate the remainder when 2844 is divided by 143.
127
Calculate the remainder when 1328379 is divided by 68.
67
What is the remainder when 24901 is divided by 2056?
229
What is the remainder when 18882 is divided by 993?
15
Calculate the remainder when 20436 is divided by 380.
296
Calculate the remainder when 734066 is divided by 183514.
10
Calculate the remainder when 294419 is divided by 87.
11
What is the remainder when 3011 is divided by 298?
31
Calculate the remainder when 144345 is divided by 69.
66
Calculate the remainder when 289113 is divided by 107.
106
What is the remainder when 61000 is divided by 37?
24
What is the remainder when 158301 is divided by 464?
77
What is the remainder when 25629 is divided by 19?
17
What is the remainder when 64563 is divided by 993?
18
Calculate the remainder when 33613 is divided by 88.
85
Calculate the remainder when 49304 is divided by 6.
2
What is the remainder when 13400 is divided by 69?
14
Calculate the remainder when 48683 is divided by 366.
5
What is the remainder when 1796 is divided by 200?
196
Calculate the remainder when 160774 is divided by 9.
7
What is the remainder when 155 is divided by 59?
37
Calculate the remainder when 3879 is divided by 248.
159
Calculate the remainder when 1199277 is divided by 2.
1
What is the remainder when 3357 is divided by 1?
0
Calculate the remainder when 879823 is divided by 5.
3
What is the remainder when 3262 is divided by 234?
220
What is the remainder when 36853 is divided by 12284?
1
Calculate the remainder when 453 is divided by 323.
130
What is the remainder when 67448 is divided by 3064?
40
Calculate the remainder when 13404 is divided by 787.
25
What is the remainder when 2347 is divided by 11?
4
What is the remainder when 22942 is divided by 916?
42
What is the remainder when 180157 is divided by 45021?
73
What is the remainder when 4558 is divided by 911?
3
What is the remainder when 40978 is divided by 31?
27
Calculate the remainder when 2331 is divided by 54.
9
Calculate the remainder when 18132 is divided by 8913.
306
What is the remainder when 120032 is divided by 741?
731
Calculate the remainder when 1305 is divided by 224.
185
Calculate the remainder when 12788 is divided by 2554.
18
Calculate the remainder when 59521 is divided by 19824.
49
What is the remainder when 12465 is divided by 11?
2
What is the remainder when 69072 is divided by 4060?
52
Calculate the remainder when 3297 is divided by 977.
366
Calculate the remainder when 492 is divided by 169.
154
Calculate the remainder when 371787 is divided by 2446.
2441
Calculate the remainder when 1288 is divided by 1271.
17
Calculate the remainder when 14394 is divided by 34.
12
Calculate the remainder when 188841 is divided by 119.
107
Calculate the remainder when 456845 is divided by 744.
29
What is the remainder when 2045 is divided by 2043?
2
Calculate the remainder when 41202 is divided by 937.
911
What is the remainder when 45058 is divided by 15?
13
Calculate the remainder when 96635 is divided by 150.
35
What is the remainder when 365404 is divided by 45?
4
What is the remainder when 109004 is divided by 65?
64
What is the remainder when 34767 is divided by 238?
19
What is the remainder when 32272 is divided by 3579?
61
What is the remainder when 51568 is divided by 53?
52
Calculate the remainder when 774917 is divided by 96.
5
Calculate the remainder when 25414 is divided by 941.
7
What is the remainder when 284275 is divided by 552?
547
What is the remainder when 2700 is divided by 355?
215
Calculate the remainder when 258632 is divided by 1220.
1212
Calculate the remainder when 5383 is divided by 224.
7
What is the remainder when 43302 is divided by 92?
62
What is the remainder when 10153 is divided by 598?
585
Calculate the remainder when 16422 is divided by 1495.
1472
Calculate the remainder when 9628 is divided by 6.
4
Calculate the remainder when 11777 is divided by 1175.
27
Calculate the remainder when 13148 is divided by 6574.
0
What is the remainder when 254295 is divided by 25?
20
Calculate the remainder when 692331 is divided by 54.
51
Calculate the remainder when 22246 is divided by 11038.
170
What is the remainder when 1126789 is divided by 35?
34
What is the remainder when 4665 is divided by 2331?
3
Calculate the remainder when 201120 is divided by 46.
8
Calculate the remainder when 86674 is divided by 6.
4
Calculate the remainder when 7112 is divided by 444.
8
What is the remainder when 2355 is divided by 151?
90
Calculate the remainder when 276550 is divided by 5531.
0
What is the remainder when 2200 is divided by 152?
72
What is the remainder when 7042 is divided by 164?
154
Calculate the remainder when 12465 is divided by 1886.
1149
What is the remainder when 6287778 is divided by 116?
114
What is the remainder when 9579 is divided by 596?
43
What is the remainder when 11088 is divided by 38?
30
Calculate the remainder when 121617 is divided by 351.
171
Calculate the remainder when 21349 is divided by 163.
159
Calculate the remainder when 6095 is divided by 6077.
18
Calculate the remainder when 15118 is divided by 1376.
1358
What is the remainder when 13069 is divided by 13059?
10
Calculate the remainder when 25190 is divided by 8381.
47
What is the remainder when 5976 is divided by 1192?
16
Calculate the remainder when 167 is divided by 38.
15
Calculate the remainder when 234672 is divided by 259.
18
Calculate the remainder when 2946 is divided by 1830.
1116
Calculate the remainder when 8501 is divided by 315.
311
Calculate the remainder when 476321 is divided by 1031.
1030
What is the remainder when 21487 is divided by 376?
55
What is the remainder when 745964 is divided by 88?
76
What is the remainder when 2889 is divided by 922?
123
Calculate the remainder when 1705 is divided by 625.
455
Calculate the remainder when 864744 is divided by 432366.
12
Calculate the remainder when 39716 is divided by 120.
116
What is the remainder when 108761 is divided by 213?
131
Calculate the remainder when 33668 is divided by 69.
65
What i